at is the highest common factor of 69 and 868710?
69
What is the highest common factor of 19305248 and 926?
926
Calculate the greatest common divisor of 2471 and 91.
7
Calculate the highest common divisor of 113968 and 112.
16
Calculate the greatest common factor of 21032 and 112808.
1912
What is the highest common factor of 222 and 4865907?
111
Calculate the highest common divisor of 4707442 and 142.
142
What is the highest common factor of 270 and 249120?
90
Calculate the highest common factor of 508 and 71374.
254
Calculate the greatest common factor of 400 and 140200.
200
Calculate the greatest common divisor of 2282222 and 334.
334
Calculate the greatest common divisor of 342 and 88.
2
Calculate the highest common factor of 120789 and 405.
9
What is the highest common divisor of 1929 and 75?
3
Calculate the greatest common divisor of 47 and 100204.
47
Calculate the greatest common factor of 39694 and 25422.
446
What is the greatest common divisor of 29564 and 912?
76
What is the greatest common factor of 6080 and 93312?
64
Calculate the greatest common factor of 189 and 354459.
21
Calculate the greatest common divisor of 4664470 and 628.
314
Calculate the greatest common divisor of 54 and 4950684.
18
What is the greatest common divisor of 53056 and 1408?
64
What is the greatest common divisor of 1600758 and 904?
226
Calculate the highest common divisor of 91 and 34727.
7
Calculate the highest common divisor of 132 and 71196.
12
Calculate the highest common factor of 125301 and 66.
33
What is the greatest common factor of 6094 and 1367826?
554
What is the greatest common factor of 329 and 1540?
7
Calculate the highest common factor of 3497 and 7124.
13
What is the greatest common factor of 133 and 4769?
19
Calculate the greatest common divisor of 450 and 4670.
10
What is the highest common divisor of 727098 and 677?
677
Calculate the greatest common factor of 6 and 11343.
3
Calculate the highest common divisor of 663123 and 1551.
141
What is the highest common factor of 654432 and 1224?
408
What is the greatest common factor of 728 and 79992?
8
Calculate the highest common divisor of 505161 and 1107.
369
Calculate the highest common divisor of 228943 and 1144.
143
What is the greatest common divisor of 883652 and 604?
604
Calculate the highest common factor of 9048 and 104.
104
What is the highest common divisor of 20 and 3482?
2
Calculate the highest common divisor of 57 and 11989.
19
What is the highest common factor of 256 and 292?
4
What is the highest common divisor of 559923 and 586?
293
Calculate the highest common divisor of 42 and 6054.
6
Calculate the highest common factor of 8696 and 846773.
1087
What is the highest common factor of 462 and 140217?
231
Calculate the highest common divisor of 2975168 and 112.
112
Calculate the greatest common divisor of 5079977 and 49.
49
What is the highest common factor of 366 and 8382?
6
What is the highest common factor of 29949 and 9447?
201
What is the highest common factor of 1122 and 34986?
102
Calculate the greatest common divisor of 81103 and 99.
11
Calculate the highest common factor of 4257 and 89793.
99
What is the highest common divisor of 168 and 202524?
84
What is the highest common divisor of 1168 and 1296?
16
Calculate the highest common divisor of 375572 and 4.
4
What is the greatest common factor of 12845 and 560?
35
Calculate the greatest common factor of 5301 and 202275.
279
Calculate the greatest common divisor of 117 and 5544279.
117
Calculate the greatest common divisor of 2214 and 54.
54
What is the greatest common factor of 73290 and 31290?
210
Calculate the greatest common divisor of 2510 and 920.
10
Calculate the greatest common factor of 1906539 and 69.
69
Calculate the highest common divisor of 9230636 and 92.
92
Calculate the greatest common divisor of 174 and 87406.
58
Calculate the highest common divisor of 512 and 38272.
128
What is the greatest common factor of 391560 and 780?
780
What is the highest common divisor of 1180 and 500?
20
Calculate the highest common divisor of 13904 and 352.
176
What is the highest common factor of 28 and 29386?
14
Calculate the highest common divisor of 31228 and 62.
2
Calculate the greatest common factor of 18706 and 470.
94
What is the greatest common divisor of 5899 and 62033?
17
What is the highest common factor of 74819 and 69?
23
What is the greatest common factor of 292736 and 848?
16
What is the greatest common divisor of 12865 and 6541?
31
What is the greatest common factor of 787648 and 128?
64
What is the highest common factor of 30070 and 930?
310
What is the highest common factor of 3431 and 893?
47
What is the greatest common factor of 69687 and 319?
29
What is the greatest common divisor of 8648 and 6768?
376
Calculate the greatest common divisor of 1405 and 65.
5
Calculate the greatest common factor of 1894 and 1233941.
947
What is the greatest common divisor of 237082 and 152?
38
Calculate the greatest common divisor of 551949 and 1255.
251
What is the greatest common factor of 936 and 581373?
117
Calculate the greatest common divisor of 699 and 370703.
233
Calculate the highest common divisor of 225771 and 65.
13
Calculate the highest common factor of 42042 and 104.
26
Calculate the highest common factor of 4896 and 94707.
153
What is the greatest common factor of 131887 and 7553?
581
What is the greatest common factor of 8341 and 38?
19
What is the highest common divisor of 559065 and 2928?
183
What is the greatest common factor of 15975 and 400?
25
Calculate the highest common factor of 104448 and 57664.
1088
Calculate the highest common divisor of 92 and 1224290.
46
Calculate the greatest common divisor of 170 and 24055.
85
Calculate the greatest common factor of 5246 and 39775.
43
What is the highest common factor of 1164 and 54216?
12
Calculate the greatest common divisor of 283 and 99616.
283
What is the greatest common factor of 76 and 20912692?
76
What is the greatest common divisor of 7363 and 11144?
199
Calculate the highest common divisor of 525 and 495425.
175
Calculate the greatest common divisor of 50 and 283090.
10
What is the highest common factor of 4550 and 14495?
65
What is the highest common factor of 131362 and 154?
154
What is the highest common factor of 1165 and 905?
5
Calculate the greatest common factor of 43805 and 65.
5
Calculate the highest common factor of 261 and 411.
3
Calculate the greatest common divisor of 3444 and 3756.
12
What is the highest common divisor of 300 and 87350?
50
Calculate the highest common divisor of 21 and 4236.
3
Calculate the greatest common divisor of 296450 and 294.
98
Calculate the greatest common factor of 390 and 159780.
30
What is the greatest common factor of 9 and 31203?
9
What is the highest common factor of 288151 and 107?
107
Calculate the greatest common factor of 7861 and 276258.
1123
Calculate the greatest common divisor of 9 and 72099.
9
What is the greatest common divisor of 430 and 119230?
10
Calculate the highest common divisor of 35066 and 9434.
178
Calculate the greatest common factor of 23 and 1288322.
23
Calculate the highest common factor of 98371 and 805.
161
Calculate the highest common factor of 7351162 and 91.
91
Calculate the greatest common factor of 100 and 101684.
4
What is the highest common divisor of 36 and 199521?
9
What is the greatest common divisor of 1518 and 1914?
66
What is the greatest common divisor of 1337025 and 125?
25
Calculate the greatest common factor of 306 and 107304.
102
What is the highest common factor of 178 and 782666?
178
What is the greatest common divisor of 396 and 27764?
44
Calculate the highest common divisor of 21175 and 171325.
1925
Calculate the greatest common factor of 132088 and 132.
44
What is the greatest common divisor of 1928 and 1205?
241
What is the highest common factor of 458 and 2873263?
229
Calculate the greatest common factor of 51588 and 1152.
36
What is the highest common divisor of 118011 and 2085?
417
What is the greatest common factor of 1891426 and 604?
302
Calculate the greatest common divisor of 78 and 640185.
39
What is the highest common divisor of 4385 and 65?
5
Calculate the highest common divisor of 322 and 1012046.
322
What is the greatest common factor of 543